 in base 12?
595
2564 (base 12) to base 5
114002
Convert 1702 (base 8) to base 5.
12322
-b2ca (base 13) to base 4
-12001133
Convert -109a (base 11) to base 7.
-4125
-16b3 (base 13) to base 10
-3357
What is -83809 (base 10) in base 6?
-1444001
What is -5445 (base 10) in base 3?
-21110200
Convert ac36 (base 16) to base 4.
22300312
Convert -1549 (base 10) to base 4.
-120031
What is 174c7 (base 15) in base 12?
37721
2521 (base 10) to base 8
4731
-27351 (base 10) to base 14
-9d79
353 (base 14) to base 2
1010010101
Convert -1010001001 (base 2) to base 11.
-540
What is 136a (base 14) in base 4?
311202
Convert -2401 (base 5) to base 9.
-430
Convert 1aa1 (base 11) to base 6.
20140
What is 7a55 (base 13) in base 14?
6363
-147311 (base 8) to base 6
-1045025
What is -24535 (base 6) in base 8?
-7113
Convert -12135 (base 6) to base 12.
-104b
Convert 617 (base 16) to base 12.
a9b
333 (base 15) to base 11
5a8
-19c (base 15) to base 5
-2442
What is 12202 (base 8) in base 14?
1cb0
1138 (base 10) to base 15
50d
What is 14025 (base 7) in base 4?
323100
What is -352 (base 7) in base 4?
-2320
What is 21f (base 16) in base 8?
1037
Convert 43432 (base 6) to base 4.
1131230
Convert 10101011111000 (base 2) to base 13.
5012
Convert 430203 (base 5) to base 9.
21711
What is 398a (base 11) in base 12?
2bb8
Convert 2211 (base 12) to base 16.
ead
7819 (base 13) to base 3
211222111
572 (base 15) to base 6
5412
Convert 5424 (base 9) to base 14.
1651
Convert -110101100001 (base 2) to base 14.
-1369
What is -b34 (base 12) in base 3?
-2020011
22154 (base 6) to base 7
12010
-6016 (base 10) to base 2
-1011110000000
Convert 418 (base 12) to base 10.
596
What is -8b10 (base 14) in base 15?
-7232
Convert -2667 (base 12) to base 10.
-4399
What is -25a (base 11) in base 15?
-157
Convert -101110001111 (base 2) to base 6.
-21411
Convert 2a4 (base 15) to base 7.
1522
Convert -17026 (base 10) to base 4.
-10022002
Convert 21100032 (base 4) to base 16.
940e
-428 (base 12) to base 10
-608
What is 109c (base 15) in base 14?
13d8
Convert -745 (base 8) to base 15.
-225
What is -2155 (base 6) in base 15?
-238
Convert 24c (base 13) to base 10.
402
Convert 222 (base 12) to base 11.
266
4430 (base 6) to base 3
1102000
Convert -1012 (base 5) to base 3.
-11220
What is -2131033 (base 4) in base 16?
-274f
What is -945 (base 10) in base 14?
-4b7
What is 2814 (base 9) in base 7?
6115
Convert 12321 (base 6) to base 2.
11100111001
-432 (base 9) to base 10
-353
Convert -c4c (base 16) to base 2.
-110001001100
What is 100011101 (base 2) in base 6?
1153
Convert -410233 (base 7) to base 3.
-10112200101
What is -86a2 (base 12) in base 11?
-10144
Convert 15352 (base 6) to base 16.
9d4
What is -b1ca (base 14) in base 10?
-30558
1000111000101 (base 2) to base 5
121144
What is -23222210 (base 4) in base 13?
-18995
What is e1c (base 15) in base 10?
3177
5503 (base 8) to base 7
11256
-101011001 (base 2) to base 5
-2340
4933 (base 16) to base 11
13096
5440 (base 7) to base 4
132103
What is 1111100000 (base 2) in base 11?
822
276a (base 15) to base 8
20351
Convert 651 (base 11) to base 7.
2165
What is -6287 (base 11) in base 6?
-102311
What is -80b6 (base 12) in base 5?
-421322
Convert -22568 (base 9) to base 7.
-61604
What is -104 (base 11) in base 16?
-7d
What is -102434 (base 6) in base 12?
-4a1a
40508 (base 10) to base 2
1001111000111100
What is -11333 (base 4) in base 2?
-101111111
26 (base 9) to base 14
1a
-31501 (base 9) to base 6
-240214
-24045 (base 6) to base 2
-110110011101
-196 (base 10) to base 7
-400
What is -44581 (base 11) in base 8?
-176106
Convert -1011431 (base 5) to base 15.
-4d46
Convert -42013 (base 5) to base 7.
-11020
-2a (base 11) to base 8
-40
What is -a717 (base 11) in base 2?
-11011101011111
Convert 102220 (base 5) to base 15.
1040
Convert 4075 (base 14) to base 3.
120012100
What is 1189 (base 13) in base 9?
3354
What is 43b (base 16) in base 8?
2073
Convert -1a46 (base 14) to base 4.
-1022132
What is -111202 (base 3) in base 2?
-101110011
What is 374 (base 8) in base 5?
2002
Convert d8 (base 14) to base 16.
be
Convert -100212021 (base 3) to base 2.
-1110000010101
Convert 22824 (base 10) to base 7.
123354
Convert -10000101110 (base 2) to base 5.
-13240
Convert 5548 (base 10) to base 5.
134143
Convert 202220 (base 5) to base 11.
4a24
Convert -53b (base 13) to base 8.
-1577
-13302 (base 5) to base 8
-2065
What is -1414 (base 7) in base 8?
-1046
Convert 2116 (base 7) to base 5.
10443
1612 (base 9) to base 10
1226
-16058 (base 10) to base 8
-37272
Convert a (base 12) to base 16.
a
-b59 (base 12) to base 2
-11001110101
Convert 26024 (base 9) to base 3.
220000211
Convert -b05 (base 12) to base 16.
-635
3c8 (base 15) to base 3
1011222
What is 1121021 (base 3) in base 4?
102100
202322 (base 4) to base 12
1362
Convert 26845 (base 9) to base 12.
a635
Convert 203113 (base 4) to base 10.
2263
-4166 (base 7) to base 4
-112331
Convert -309 (base 13) to base 3.
-201010
Convert -1011001011011 (base 2) to base 16.
-165b
Convert -111000110000 (base 2) to base 4.
-320300
564 (base 7) to base 11
245
What is -1031 (base 4) in base 8?
-115
Convert -3502 (base 10) to base 3.
-11210201
Convert -1002 (base 4) to base 7.
-123
What is 311 (base 14) in base 5?
4403
442 (base 14) to base 11
6a6
What is 1013404 (base 5) in base 4?
10011121
Convert 436 (base 9) to base 16.
165
-25281 (base 9) to base 6
-210414
342 (base 7) to base 12
129
-312110 (base 4) to base 11
-2680
What is 2135 (base 10) in base 9?
2832
Convert -13015 (base 7) to base 14.
-137c
-b2a (base 13) to base 2
-11101100111
10215 (base 6) to base 11
1044
What is 8600 (base 16) in base 6?
422452
Convert 200 (base 16) to base 11.
426
-3203 (base 14) to base 3
-102211112
30132 (base 10) to base 6
351300
Convert -198a7 (base 14) to base 13.
-23679
What is 100101011011110 (base 2) in base 11?
13444
-11000210 (base 3) to base 5
-43222
What is 1e2b (base 15) in base 8?
14646
-d (base 14) to base 4
-31
What is -2020200 (base 5) in base 9?
-48576
What is 1b32 (base 12) in base 3?
11121002
-2b8 (base 13) to base 8
-751
1fa (base 16) to base 6
2202
Convert 241451 (base 6) to base 9.
31874
Convert 860 (base 10) to base 15.
3c5
What is -120415 (base 6) in base 12?
-610b
What is 3128 (base 10) in base 8?
6070
-101012 (base 4) to base 6
-5022
What is 145 (base 13) in base 4?
3202
What is -2103313 (base 4) in base 12?
-5587
31622 (base 11) to base 15
d96e
-4403 (base 7) to base 3
-2011012
-1303100 (base 4) to base 8
-16320
-10001000101011001 (base 2) to base 16
-11159
Convert 1101011001011 (base 2) to base 9.
10361
1520 (base 12) to base 7
10131
What is -403142 (base 5) in base 14?
-49d0
Convert 67 (base 13) to base 5.
320
What is 2211000 (base 4) in base 11?
7a30
-230041 (base 6) to base 10
-19465
-1901 (base 11) to base 12
-1499
What is 2450 (base 6) in base 5?
4411
Convert -12144 (base 5) to base 4.
-32130
What is -16d (base 15) in base 5?
-2303
What is -3571 (base 8) in base 5?
-30123
Convert 343011 (base 5) to base 13.
576a
14441 (base 7) to base 15
12b8
What is 1254 (base 8) in base 5?
10214
-154023 (base 6) to base 13
-6b73
10010000001011000 (base 2) to base 9
122227
-6251 (base 9) to base 10
-4582
What is 2149 (base 10) in base 9?
2847
Convert -352 (base 10) to base 12.
-254
1011011100011101 (base 2) to base 10
46877
What is 11011101 (base 2) in base 3?
22012
Convert 1638 (base 15) to base 12.
2922
What is 2000 (base 4) in base 6?
332
Convert 13506 (base 7) to base 5.
104211
Convert 14030 (base 5) to base 12.
7b0
Convert -2838 (base 10) to base 13.
-13a4
Convert -12402 (base 8) to base 11.
-404a
What is 1a4 (base 16) in base 6?
1540
-a5 (base 12) to base 8
-175
Convert -100 (base 13) to base 12.
-121
-1000010001001 (base 2) to base 13
-1c08
-4210 (base 5) to base 4
-20223
Convert -57 (base 14) to base 2.
-1001101
What is -88 (base 11) in base 4?
-1200
115423 (base 7) to base 12
10294
542 (base 7) to base 5
2100
What is -581 (base 16) in base 3?
-1221012
-43102 (base 6) to base 2
-1011011101110
What is 55033 (base 6) in base 11?
5772
Convert -1112202011 (base 3) to base 14.
-b13b
Convert -2306 (base 7) to base 10.
-839
What is 10201221 (base 3) in base 2?
101010100101
What is 4124 (base 11) in base 16?
155f
1000100 (base 3) to base 11
611
Convert 4652 (base 13) to 